(t) = 4*o(t) + 3*z(t). Let v = -66591 - -66589. Determine a(v).
4
Let b(u) be the third derivative of 11*u**8/3360 + u**7/2520 - u**4/24 + 267*u**2. Let i(h) be the second derivative of b(h). What is i(1)?
23
Let c(r) = -7*r**2 + r**3 + 0*r**3 - 2*r**3 - 6*r + 2. Let i = -402 + 409. Suppose 0 = -i*q - 42 - 0. Determine c(q).
2
Let p(z) be the third derivative of -29*z**4/24 + 5*z**3/6 - z**2 - 627. Determine p(2).
-53
Let n(g) = -2*g**2 + g + 5. Let h(i) = -41 - 50 + 68 - i**2 - 12*i + 2*i. Let l be h(-7). What is n(l)?
-5
Suppose 19*u - 330 - 31 = 0. Let o(q) = 22 - 41 + 3*q + u. Calculate o(-7).
-21
Suppose 224*c - 234*c + 5 - 65 = 0. Let x(a) = -2*a - 3. Determine x(c).
9
Let r(u) = -19771*u**2 + 0 + 7*u + 19770*u**2 - 5. Determine r(7).
-5
Let r(l) = 15 + 0*l - 34 + 28 - l. Let j = -5 + 8. Let u be r(j). Let n(k) = -k - 2. Calculate n(u).
-8
Let l be 1 + 2/(-2)*3. Let k(z) = -z**2 - 5*z - 3. Let t = -14 - -15. Let u(x) = -x. Let a(y) = t*k(y) - 2*u(y). Give a(l).
-1
Let d(u) = -2*u**2 - 5*u - 5. Let a = -48 + -230. Let r = a + 274. Calculate d(r).
-17
Let x(q) = 3*q**2 + q - 9. Let g(p) be the second derivative of 7*p**4/12 + p**3/2 - 19*p**2/2 - 2*p - 33. Let u(w) = 2*g(w) - 5*x(w). Determine u(5).
-13
Let f(d) be the third derivative of d**5/60 - d**4/12 - 5*d**3/3 - d**2 - 96*d. Determine f(4).
-2
Let k(t) be the second derivative of -2*t**3 - 51*t**2 + 142*t - 6. What is k(-8)?
-6
Let j(u) = 14. Let c(a) = -a + 2. Let v(z) = c(z) + j(z). Let f be v(6). Let d(g) = 4 - 7*g - 3*g + 0*g**2 + g**2. Determine d(f).
4
Let x(r) = 7*r - 29*r + 19*r - 5 - r. Suppose -4*u = 5*z - u + 19, -25 = 3*z - 5*u. Let v = z + 1. Calculate x(v).
11
Let v = -46 + 55. Let u(k) = -12*k - 13*k + 18*k + 0*k**3 - k**3 - v*k**2. Give u(-8).
-8
Suppose -2*o + 3*o = m - 11, 3*o - 3 = 0. Let j = 0 - m. Let q = -5 - j. Let g(d) = -d + 2. Calculate g(q).
-5
Let d be (-3)/(-8) + (-1)/(-8). Let y(i) be the first derivative of -d*i**2 + i - 16. Determine y(3).
-2
Let d be (2 + -1)/((-1)/(-8)). Let t(r) = -157*r + 49. Let k(b) = -35*b + 11. Let x(i) = -9*k(i) + 2*t(i). What is x(d)?
7
Let a(o) = 4*o. Suppose 6*s - 30 = s + 3*g, 4*s = -2*g + 24. Let y(x) be the third derivative of x**4/8 - 37*x**2. Let h(m) = s*a(m) - 7*y(m). What is h(-2)?
-6
Let b(f) = f + 22. Suppose -7*v - 53 = 3. Let m(q) = q**3 + 9*q**2 + 21*q + 89. Let g be m(v). Calculate b(g).
7
Let d(m) = 8*m**3 - m**2 - 3*m - 4. Let u = 927 + -929. Calculate d(u).
-66
Let n be 3 + 0 + -2 + 2. Let z(t) = 10*t - 12*t + 3*t**2 + 38436*t**3 + 266 - 267 - 38437*t**3. Determine z(n).
-7
Let h(u) = u**3 + 2*u**2 - 3*u - 2. Let t be ((-4)/(-7))/((-4)/14) + 0. Determine h(t).
4
Let d(o) = -3*o - 13. Let p(s) = 2*s + 7. Suppose 6 = -b - 0*b. Let a(q) = b*d(q) - 10*p(q). Suppose -11 = -3*i + 10. Calculate a(i).
-6
Let c(q) = -17*q**2 + q**3 + 3*q**2 + 1 + 8*q + 9 + 8*q**2 + 11*q**2. Give c(-4).
-6
Let x(v) be the first derivative of v**2/2 + 12*v + 191. Determine x(6).
18
Let t(c) be the first derivative of -c**4/4 - 10*c**3 + 31*c**2/2 + 26*c - 1082. Calculate t(-31).
26
Let j(q) = -q - 7. Let k(z) = -z - 6. Let d(r) = 6*j(r) - 7*k(r). Suppose 0 = 56*c - 14*c + 84. Let v be c*1 + -12*8/(-96). Determine d(v).
-1
Let v(m) be the first derivative of 1/360*m**6 + 4*m**3 + 5/12*m**4 + 1/120*m**5 + 0*m**2 + 50 + 0*m. Let n(u) be the third derivative of v(u). Determine n(0).
10
Suppose -5*x = -5, x - 17 = 3*p - 4*x. Let l(g) be the first derivative of -1/3*g**3 + 0*g**2 - 5*g - 105. Give l(p).
-21
Suppose w + 5*p + 17 = -0*w, 3*w - 4*p - 25 = 0. Let v(h) = -21 - 2*h - h**w - 6*h**2 + 38 - 13 + 2*h**3. Suppose -38*o - 18 = -41*o. Give v(o).
-8
Let m(g) = -3*g - 14. Suppose 50*z + 2*v = 51*z + 16, -49 = 4*z - 5*v. Give m(z).
4
Let w(y) = 3*y**2 + y + 2. Suppose 0 = -2*s + 3*n - 3, 34*n - 38*n + 4 = -3*s. Let i(m) = 2*m + 2. Let t be i(s). Calculate w(t).
16
Let k(i) = -6*i**3 - 2*i - 1. Let h(d) = -13*d - 3. Let b be h(-1). Suppose 0*z - b = -a - 4*z, 2*a = 2*z. Suppose 1 = c - a*c. Calculate k(c).
7
Let w = 126 + -131. Let d(j) be the second derivative of j**3/3 + 5*j**2/2 + 18*j. Determine d(w).
-5
Suppose 251*m + 1940 = 256*m. Let p = 384 - m. Let l(d) = -4*d - 5. What is l(p)?
11
Let l = 4473 + -4463. Let t(n) = n**2 - 11*n + 16. Determine t(l).
6
Suppose -3*d = 5*p - 38, 5*p - 37 = d - 3*d. Let c(g) = 2*g - 54. Let t(a) = a - 24. Let l(o) = 2*c(o) - 5*t(o). What is l(p)?
5
Let d(q) = -q**2 + 4*q + 6. Let b(f) be the third derivative of 5/6*f**3 - 6*f**2 - 1/10*f**5 + 1/120*f**6 + 0*f + 1/3*f**4 + 0. Let s be b(4). Determine d(s).
1
Let w(a) = -3*a**2 - 49*a + 150. Let i(p) = p**2 + 17*p - 56. Let j(o) = 8*i(o) + 3*w(o). Calculate j(-9).
20
Suppose -4*i = -4*b + 8, b - 3 - 3 = -i. Suppose -20 - 8 = -b*r. Let m(g) be the third derivative of -g**6/120 + 7*g**5/60 + g**3/2 - g**2 - 19395. Give m(r).
3
Let u(m) = -6 - 11 + 1 - 2*m + 11 + 3*m - 4*m**2. Calculate u(4).
-65
Let n(d) = -2*d + 280 - 57 - 245. What is n(-16)?
10
Let l(f) be the third derivative of -13*f**4/24 + 13*f**3/6 + 213*f**2 - 1. What is l(-3)?
52
Let f(t) = 113*t + 98*t - 5 - 8*t**2 - 16*t**2 - 2*t**3 - 237*t + t**3. Calculate f(-23).
64
Suppose 0 = -s - 5, 8*a - 12 = 9*a + 3*s. Suppose a*x = 3*q + 2 - 17, 0 = 2*x + 3*q + 5. Let p(l) = -l**2 - 2*l + 4. Calculate p(x).
-4
Let g(h) = -h**2 - 7*h - 4. Let n be (3 + (0 - 2))/(3/30). Let m be 114/n + 3/5. Suppose m*y - 14*y - 12 = 0. Calculate g(y).
2
Let a(t) be the second derivative of t**5/20 - 5*t**4/3 + 11*t**3/3 - 59*t**2/2 + 1444*t. Give a(19).
-2
Let y(o) = 2*o**2 + 3*o - 2. Let c(p) = -6*p**2 + 5*p + 5. Let z(q) = c(q) + 2*y(q). Give z(5).
6
Let y(a) = a**3 - 4*a**2 + 7*a + 18. Let r(j) = 2*j**3 - 9*j**2 + 15*j + 32. Let s(d) = -3*r(d) + 5*y(d). Give s(6).
-30
Let k(v) = -4*v**3 + 6*v**2 - 12*v + 14. Let a(b) = -b**3 + b**2 - b + 1. Let q(t) = 5*a(t) - k(t). Let h be 5 + (-196)/36 - 96/27. Give q(h).
11
Let p be (6/(-27))/(7/(-126)). Let c(w) = 8*w - 3. Let b(j) = -8*j + 3. Suppose 3*g - h = 4*h + 30, g - 3*h = 14. Let x(m) = g*b(m) + 6*c(m). Determine x(p).
29
Let t(s) = -2*s. Let c be (-52)/234 - (-742)/(-63). What is t(c)?
24
Let q(y) = 6*y + 36. Suppose 8*b - 66 = 2*i, -50*i - 2*b = -53*i - 29. Calculate q(i).
6
Let u(r) = 21*r**3 - r - 2. Let l(q) = -20*q**3 + q + 1. Let d(n) = -2*l(n) - 3*u(n). Let o(k) = -22*k**3 + k + 3. Let w(c) = -2*d(c) + 3*o(c). Determine w(-1).
20
Let n(g) = 4*g - 13. Let t(r) = 9*r - 25. Let q(j) = -7*n(j) + 3*t(j). Let o be q(5). Suppose -2 = z, 2*v - 5*z = 3*v + o. Let x(i) = -19*i. What is x(v)?
19
Let j(c) = -21*c - 586. Let z be j(-28). Let n(x) be the second derivative of x**5/10 - x**4/12 - x**3/6 + x**2 + x. Calculate n(z).
12
Let o(t) = 2*t - 14. Let g be o(7). Let i(z) = -122 + 32 + 8*z**2 + 38 - 9*z**2 + z + 42. Determine i(g).
-10
Let f(w) = -w**3 + 9*w**2 - 6*w - 6. Suppose 15 + 18 = 3*i. Suppose -5*j + 366 = -i*j. Let x = 69 + j. Calculate f(x).
10
Let h(n) = 2*n**2 - 14*n + 2. Let m(j) = -4*j**2 + 29*j + 5. Let r(i) = -5*h(i) - 2*m(i). Calculate r(6).
-20
Let v(a) = 2*a + 1 - 2*a**2 - a + 0*a**3 - a**3. Suppose -3*t = -5*k + 64, -2*t + 20 + 7 = 3*k. Give v(t).
7
Let v(h) = -h**3 + 8*h**2 + 10*h + 2. Let d(u) = -u**3 + 16*u**2 - 30*u. Let j be d(13). Suppose -13*r + j = -0*r. Determine v(r).
11
Let o(q) = 2*q**2 - 4*q - 11. Let x(w) = 5*w**2 - 13*w - 34. Let h(a) = 11*o(a) - 4*x(a). Determine h(-6).
39
Let i(u) = u**2 - 12*u + 3. Let p be 6/7*(-294)/(-28). Give i(p).
-24
Suppose 13*q - 14*q = -13. Let k(u) = -u**2 - 16*u - 24. Let p be k(-13). Let f(j) = j + 21 - q - p. Calculate f(5).
-2
Let g(f) be the third derivative of -f**5/40 + f**4/8 - 7*f**3 - 10*f**2. Let z(p) be the first derivative of g(p). What is z(1)?
0
Let g = 15 + -11. Let d be -5*(15/(-25) + g/(-10)). Let j(y) = -3*y**2 + 8*y - 4. Let z(v) = -2*v**2 + v. Let o(s) = j(s) - z(s). Give o(d).
6
Let a(r) be the second derivative of r**7/630 - r**6/240 + r**5/120 + 41*r**4/3 - 136*r. Let v(d) be the third derivative of a(d). Determine v(2).
11
Let o(y) = -351 - 285 + 688 - 23*y + 32*y. What is o(-11)?
-47
Let r(a) = -2*a**2 + 3*a - 2. Suppose -2281 - 911 = 28*k. Let g = 118 + k. Give r(g).
-22
Let f(x) be the third derivative of -x**3 + 1/24*x**4 - 1/60*x**5 + 0*x + 66 - 2*x**2. Let j(l) = -l**2 - 